 -h*f + 2686 = -1612. What is the units digit of f?
7
Suppose 27 - 7 = -4*m. Let l be ((-525)/5 - 5) + m. Let x = l + 233. What is the tens digit of x?
1
Let w = 100 - 106. What is the tens digit of w*(-2 + -4) + 3?
3
Let f(j) = 1019*j + 22. Suppose -5*z + 83 - 78 = 0. What is the tens digit of f(z)?
4
Suppose -4096*l + 4094*l = 16, v - l - 2054 = 0. What is the hundreds digit of v?
0
Suppose 27405 = -14*q - 15*q. Let h = -124 - q. What is the tens digit of h?
2
Suppose 4*z - 5*g = 176 + 130, z - 71 = 4*g. Let h = 160 - z. What is the units digit of h?
1
Let y = 6728 - -370. What is the tens digit of y?
9
Let u(a) = 3*a**2 + 7*a - 124. Let i be u(-33). Suppose -6*g = -1996 - i. What is the tens digit of g?
1
What is the ten thousands digit of (-7 + 576/81)*105093?
1
Suppose -124 = 23*o - 19*o. Let c = 15 + o. What is the tens digit of c/(-24)*369/(3 - 0)?
8
Suppose -8*y + 105 = 393. What is the tens digit of -2*(-6)/(y/(-978))?
2
Let v(o) = -o**2 - 16*o - 22. Let f be v(-4). What is the hundreds digit of 4/f - 84573/(-117)?
7
Let n = -73324 - -107266. What is the ten thousands digit of n?
3
Suppose -3*i + 5*n = -17, 3*i + 3*n - 7*n - 19 = 0. Let h(a) = a**2 - 10*a - 3. Let l be h(i). What is the tens digit of 38 + 3/3 + l/4?
3
Let h = 2254 - -9128. What is the hundreds digit of h?
3
Let f(x) = 10*x**2 + 8*x - 74. Let p be f(5). Let k = -30 + p. What is the tens digit of k?
8
Let j(u) = -2*u + 3. Let q be j(-15). Let f = q + -33. Suppose f*b = b + 5, -2*g + 4*b + 148 = 0. What is the units digit of g?
4
Suppose 4*u = 130*u - 1500912. What is the thousands digit of u?
1
Let w be (-2 + 11)/(1 - 2). Let r be (5 + -8)*((-24)/w)/(-2). What is the hundreds digit of (((-1170)/r)/5)/((-3)/6)?
1
Let b(r) = r**2 + 18*r - 11. Let m(o) = o**3 - 43*o**2 + 43*o - 29. Let x be m(42). What is the units digit of b(x)?
2
Let g(i) = -i**3 - 3*i**2 - 2*i - 4. Let t be g(-3). Let q be (0*1/2*-2)/t. Suppose 13*y - 1128 - 224 = q. What is the hundreds digit of y?
1
Let s(p) = -33*p**2 + 41*p - 6. Let k(f) = -34*f**2 + 41*f - 4. Let l(b) = -6*k(b) + 5*s(b). What is the tens digit of l(-5)?
7
Suppose 3 - 1 = c. Suppose c = 10*s - 8. What is the tens digit of ((-1)/s)/(3/(-51))?
1
Let j(q) be the first derivative of 55*q**2/2 - 209*q - 223. What is the tens digit of j(27)?
7
Let a(n) be the first derivative of -5*n**4/4 - 2*n**3/3 + 7*n + 111. What is the units digit of a(-3)?
4
Let y(r) = 45*r**3 - 479*r**2 - 16*r - 37. What is the tens digit of y(14)?
3
Let d(b) = -11*b**3 + b**2 + b. Let t be d(-1). Suppose 11312 = t*w + 17*w. What is the units digit of w?
4
Let y(k) = -20*k**3 - 8*k**2 + 15*k + 24. What is the thousands digit of y(-6)?
3
Suppose 40*b + 181404 - 269130 = 400674. What is the ten thousands digit of b?
1
Suppose -4*k - 21216 = -3*b + 36811, 19347 = b + k. What is the thousands digit of b?
9
Let g = -12270 + 18145. What is the hundreds digit of g?
8
Let x = 3000 + -2515. What is the hundreds digit of x?
4
Suppose -g = 4, -3*t - 944 = -6*t + 5*g. What is the units digit of -8*(-7)/t - (-9478)/22?
1
Suppose 7*g = g + 858. Let h = 55 - g. Let n = h - -228. What is the units digit of n?
0
Let o(v) = 57*v + 198. Let z be o(6). Let l be (-16)/(-6) + (-4)/6. Suppose k = -l*b + z, -4*b = -k + 346 - 1426. What is the hundreds digit of b?
2
Suppose -24*u + 52734 = -119754. What is the hundreds digit of u?
1
Suppose 23*x - 130775 + 4945 - 95039 = 0. What is the thousands digit of x?
9
What is the thousands digit of (3/12)/((-84)/(-1986768))?
5
Suppose -19 + 2 = 17*b. What is the units digit of -2 - (-1212)/(b + 5)?
1
Let k = -4482 - -9865. What is the hundreds digit of k?
3
Suppose -l - 3 = -7. Suppose 0 = -2*d + 8 - 2, 66 = m - l*d. What is the units digit of m?
8
Let m be ((-8)/(-6))/(868/210 - 4). Suppose -m*r + 2347 = -8*r + j, 4*j = -4*r + 4700. What is the hundreds digit of r?
1
Let c be (5/4)/((-76)/(-304)). What is the units digit of (-6945)/(-15) - c/(5/3)?
0
Let n be 8/((-16)/(-3))*(1092 - 2). Suppose -v + d + 470 = 0, 2*d - 220 = 3*v - n. What is the tens digit of v?
7
Let l be (4 - 3)*3*-1. Let f be 708/16 + l/12. What is the units digit of f - (-2 - -1)/(2/6)?
7
Suppose v + 3*n = 3, 4*n + 1 = 3*v + 5*n. Suppose v = -199*p + 197*p + 1864. What is the hundreds digit of p?
9
Let d(o) = 667*o + 6769. What is the ten thousands digit of d(12)?
1
Let q(c) = -c**3 + 8*c**2 + 24*c - 2. Let f be 30/(-12)*-4*1. Let l be q(f). Let h = l - -2. What is the tens digit of h?
4
Suppose 6051 = 2*u - 5*s, 0 = -21*u + 16*u + 4*s + 15136. What is the thousands digit of u?
3
Suppose 0 = -4*i + 20, 9*k - 14*k - 3*i + 12890 = 0. What is the thousands digit of k?
2
Suppose -121*l + 133*l = 120312. Suppose 62*n + l = 71*n. What is the thousands digit of n?
1
Let a = 1319 + 1481. What is the tens digit of a?
0
What is the tens digit of -25 + 18 - (-5 + -72826)?
2
Suppose 0 = -4*v - 16, t + 4*v = 5*v + 521. Let r = -348 - -410. Suppose -t = -7*g - r. What is the units digit of g?
5
Let h = -3457 - -40303. What is the thousands digit of h?
6
Let z = -28 + 32. What is the hundreds digit of -5 + z + (-3 - -407)?
4
Suppose -15*n = -5*y - 12*n + 302248, 4*y - 241766 = -3*n. What is the hundreds digit of y?
4
Let y be (-5)/(105/(-29151)) - 5/35. Let t = 2240 - y. What is the hundreds digit of t?
8
Let f(v) = -23*v**2 + 14*v - 8. Let d be f(16). What is the tens digit of (-1 + -1 + -1)*d/24?
0
Let a = 49433 - 31950. What is the hundreds digit of a?
4
Let o(a) = 959*a**2 - 325*a + 2637. What is the thousands digit of o(8)?
1
Let s = 50 + -49. Let m be (-6 - -5) + s + -1521. What is the units digit of m/26*4/(-6)?
9
Let b = 112 - 114. Let o(x) = -6*x - 6. Let c be o(b). Suppose 0 = 4*p - 3*j - 50, -p - 2*j - 66 = -c*p. What is the tens digit of p?
1
Let g = 2929 - 2521. What is the hundreds digit of g?
4
Let x(g) = -5*g**2 - 3 + 3*g + 1 + g**3 - 1. Let k be x(4). Let l(u) = u**3 + 10*u**2 + 9*u - 7. What is the tens digit of l(k)?
7
Let p(i) = i + i**3 - 19*i**2 - 10*i + 3220 - 3273. What is the tens digit of p(20)?
6
Suppose -21*h = -312 + 39. Suppose -h*q = -21*q + 10664. What is the units digit of q?
3
Suppose -6*u + 45 = 15. Suppose 0 = 5*h - u*a - 2070, -3*a = -h + 2*a + 394. What is the units digit of h?
9
Let b(n) be the second derivative of 55*n**3/6 - 5*n**2 + 15*n. Let r be b(4). Let d = r - 118. What is the units digit of d?
2
Let y(j) be the third derivative of -1/2*j**4 + 0*j + 0 - 6*j**3 - 5*j**2. What is the tens digit of y(-9)?
7
Let q(x) = -x**3 + 14*x**2 + 17*x - 31. Let a be q(15). Let m be 5/(5/(-13))*a*4. Suppose 3*z = -8*u + 3*u + m, -5*z - 16 = -u. What is the units digit of u?
1
Let n = -46 - -47. What is the tens digit of 4/(-12) + n*(-5572)/(-12)?
6
Let l(j) = -j**2 + 15*j + 18. Let k be l(16). Suppose 0 = 2*c + k*n - 39 - 135, 253 = 3*c + 5*n. What is the tens digit of c?
9
Suppose -2*s - 130869 = -3*g, 14*s + 174475 = 4*g + 17*s. What is the hundreds digit of g?
6
Suppose -857*m + 69688 = -852*m + 2*d, -5*m + 5*d = -69660. What is the units digit of m?
6
Suppose 3*j = 5*x + 14863, 14849 = 3*j + 73*x - 71*x. What is the units digit of j?
1
Let m be (6 + (-28)/6)/((-2)/21). Let p be (-28)/(-98) - 2964/m. Suppose x - p = 5*z + 16, 4*x + 4*z = 792. What is the hundreds digit of x?
2
Let v = 16 - 10. Suppose -2*g - g = -v*g. Let y = 99 - g. What is the tens digit of y?
9
Suppose -5*l + 8571 = -4*o, 5*o - 4*o = l - 1715. Suppose -3*z - l = -5*y, -2*y + 2*z = -569 - 117. What is the tens digit of y?
4
Suppose 3*z - 3*v = 2*v, 5*z + 3*v = 0. Suppose g - 208 = -3*g + 4*j, -j - 1 = z. Suppose 5*p = 3*p + 5*f + 102, p = -f + g. What is the units digit of p?
1
Let x = -2415 - -9847. What is the tens digit of x?
3
Suppose 3*g + s = 6*s - 20, -3*g - 8 = -2*s. Suppose g = -412*n + 421*n - 9324. What is the hundreds digit of n?
0
Let a(r) = -142*r**3 + r**2 - 12*r + 5. What is the tens digit of a(-5)?
4
Let p = -18117 + 70979. What is the hundreds digit of p?
8
Suppose -9 = -n - p, -4*p - 1 + 41 = 5*n. Suppose n*o - 5*d - 2877 = 0, -2*o = -6*d + 5*d - 1443. What is the units digit of o?
3
Let v(l) = 36*l**3 - 2*l**2 - l + 3. Let d be 0 + 6/45 + (-28)/(-15). What is the hundreds digit of v(d)?
2
Let f = -2211 - -2495. What is the hundreds digit of f?
2
Suppose -8*x + 4*x +